{"id":1711,"date":"2023-10-10T16:18:03","date_gmt":"2023-10-10T14:18:03","guid":{"rendered":"https:\/\/savonock.fr\/?page_id=1711"},"modified":"2023-10-10T17:35:32","modified_gmt":"2023-10-10T15:35:32","slug":"mes-differences","status":"publish","type":"page","link":"https:\/\/savonock.fr\/index.php\/mes-differences\/","title":{"rendered":"Mes Diff\u00e9rences"},"content":{"rendered":"<style>.kb-row-layout-id1711_cd2e2a-dd > .kt-row-column-wrap{align-content:start;}:where(.kb-row-layout-id1711_cd2e2a-dd > .kt-row-column-wrap) > .wp-block-kadence-column{justify-content:start;}.kb-row-layout-id1711_cd2e2a-dd > .kt-row-column-wrap{column-gap:var(--global-kb-gap-md, 2rem);row-gap:var(--global-kb-gap-md, 2rem);padding-top:var(--global-kb-spacing-sm, 1.5rem);padding-bottom:var(--global-kb-spacing-sm, 1.5rem);grid-template-columns:minmax(0, 1fr);}.kb-row-layout-id1711_cd2e2a-dd > .kt-row-layout-overlay{opacity:0.30;}@media all and (max-width: 1024px){.kb-row-layout-id1711_cd2e2a-dd > .kt-row-column-wrap{grid-template-columns:minmax(0, 1fr);}}@media all and (max-width: 767px){.kb-row-layout-id1711_cd2e2a-dd > .kt-row-column-wrap{grid-template-columns:minmax(0, 1fr);}}<\/style><div class=\"kb-row-layout-wrap kb-row-layout-id1711_cd2e2a-dd alignnone wp-block-kadence-rowlayout\"><div class=\"kt-row-column-wrap kt-has-1-columns kt-row-layout-equal kt-tab-layout-inherit kt-mobile-layout-row kt-row-valign-top\">\n<style>.kadence-column1711_6062b9-36 > .kt-inside-inner-col,.kadence-column1711_6062b9-36 > .kt-inside-inner-col:before{border-top-left-radius:0px;border-top-right-radius:0px;border-bottom-right-radius:0px;border-bottom-left-radius:0px;}.kadence-column1711_6062b9-36 > .kt-inside-inner-col{background-color:var(--global-palette2, #2B6CB0);}.kadence-column1711_6062b9-36 > .kt-inside-inner-col:before{opacity:0.3;}.kadence-column1711_6062b9-36{position:relative;}<\/style>\n<div class=\"wp-block-kadence-column kadence-column1711_6062b9-36\"><div class=\"kt-inside-inner-col\"><\/div><\/div>\n\n<\/div><\/div>\n\n<style>.kb-row-layout-id1711_f5bdba-7a > .kt-row-column-wrap{align-content:center;}:where(.kb-row-layout-id1711_f5bdba-7a > .kt-row-column-wrap) > .wp-block-kadence-column{justify-content:center;}.kb-row-layout-id1711_f5bdba-7a > .kt-row-column-wrap{column-gap:var(--global-kb-gap-lg, 4rem);row-gap:var(--global-kb-gap-md, 2rem);max-width:var( --global-content-width, 1475px );padding-left:var(--global-content-edge-padding);padding-right:var(--global-content-edge-padding);padding-top:var(--global-kb-spacing-xxl, 5rem);padding-bottom:var(--global-kb-spacing-md, 2rem);grid-template-columns:repeat(2, minmax(0, 1fr));}.kb-row-layout-id1711_f5bdba-7a > .kt-row-layout-overlay{opacity:0.30;}@media all and (max-width: 1024px){.kb-row-layout-id1711_f5bdba-7a > .kt-row-column-wrap{column-gap:var(--global-kb-gap-md, 2rem);padding-top:var(--global-kb-spacing-lg, 3rem);padding-right:var(--global-kb-spacing-lg, 3rem);padding-bottom:var(--global-kb-spacing-lg, 3rem);padding-left:var(--global-kb-spacing-lg, 3rem);grid-template-columns:minmax(0, 1fr);}}@media all and (max-width: 767px){.kb-row-layout-id1711_f5bdba-7a > .kt-row-column-wrap{grid-template-columns:minmax(0, 1fr);}}<\/style><div class=\"kb-row-layout-wrap kb-row-layout-id1711_f5bdba-7a alignfull has-theme-palette9-background-color kt-row-has-bg wp-block-kadence-rowlayout\"><div class=\"kt-row-column-wrap kt-has-2-columns kt-row-layout-equal kt-tab-layout-row kt-mobile-layout-row kt-row-valign-middle kb-theme-content-width\">\n<style>.kadence-column1711_20a6ba-91 > .kt-inside-inner-col,.kadence-column1711_20a6ba-91 > .kt-inside-inner-col:before{border-top-left-radius:0px;border-top-right-radius:0px;border-bottom-right-radius:0px;border-bottom-left-radius:0px;}.kadence-column1711_20a6ba-91 > .kt-inside-inner-col{justify-content:center;flex-direction:column;display:flex;}.kadence-column1711_20a6ba-91 > .kt-inside-inner-col > .aligncenter{width:100%;}.kt-row-column-wrap > .kadence-column1711_20a6ba-91{align-self:center;}.kt-inner-column-height-full:not(.kt-has-1-columns) > .wp-block-kadence-column.kadence-column1711_20a6ba-91{align-self:auto;}.kt-inner-column-height-full:not(.kt-has-1-columns) > .wp-block-kadence-column.kadence-column1711_20a6ba-91 > .kt-inside-inner-col{display:flex;flex-direction:column;justify-content:center;}.kadence-column1711_20a6ba-91 > .kt-inside-inner-col:before{opacity:0.3;}.kadence-column1711_20a6ba-91{text-align:left;}.kadence-column1711_20a6ba-91{position:relative;}<\/style>\n<div class=\"wp-block-kadence-column kadence-column1711_20a6ba-91 kb-section-dir-vertical inner-column-1\"><div class=\"kt-inside-inner-col\"><style>.wp-block-kadence-advancedheading.kt-adv-heading1711_371421-57, .wp-block-kadence-advancedheading.kt-adv-heading1711_371421-57[data-kb-block=\"kb-adv-heading1711_371421-57\"]{text-align:center;font-size:var(--global-kb-font-size-lg, 2rem);line-height:1.2;font-style:normal;}.wp-block-kadence-advancedheading.kt-adv-heading1711_371421-57 mark, .wp-block-kadence-advancedheading.kt-adv-heading1711_371421-57[data-kb-block=\"kb-adv-heading1711_371421-57\"] mark{font-style:normal;color:#f76a0c;padding-top:0px;padding-right:0px;padding-bottom:0px;padding-left:0px;}<\/style>\n<h2 class=\"kt-adv-heading1711_371421-57 wp-block-kadence-advancedheading has-theme-palette-3-color has-text-color\" data-kb-block=\"kb-adv-heading1711_371421-57\">Pr\u00e9sentation de la savonni\u00e8re<\/h2>\n\n\n\n<p class=\"has-text-align-center\">Mon histoire, Mes Valeurs, Mon savoir-Faire<\/p>\n\n\n<style>.wp-block-kadence-advancedbtn.kb-btns1711_0107c4-1c{gap:var(--global-kb-gap-xs, 0.5rem );justify-content:center;align-items:center;}.kt-btns1711_0107c4-1c .kt-button{font-weight:normal;font-style:normal;}.kt-btns1711_0107c4-1c .kt-btn-wrap-0{margin-right:5px;}.wp-block-kadence-advancedbtn.kt-btns1711_0107c4-1c .kt-btn-wrap-0 .kt-button{color:#555555;border-color:#555555;}.wp-block-kadence-advancedbtn.kt-btns1711_0107c4-1c .kt-btn-wrap-0 .kt-button:hover, .wp-block-kadence-advancedbtn.kt-btns1711_0107c4-1c .kt-btn-wrap-0 .kt-button:focus{color:#ffffff;border-color:#444444;}.wp-block-kadence-advancedbtn.kt-btns1711_0107c4-1c .kt-btn-wrap-0 .kt-button::before{display:none;}.wp-block-kadence-advancedbtn.kt-btns1711_0107c4-1c .kt-btn-wrap-0 .kt-button:hover, .wp-block-kadence-advancedbtn.kt-btns1711_0107c4-1c .kt-btn-wrap-0 .kt-button:focus{background:#444444;}<\/style>\n<div class=\"wp-block-kadence-advancedbtn kb-buttons-wrap kb-btns1711_0107c4-1c\"><style>ul.menu .wp-block-kadence-advancedbtn .kb-btn1711_9bc25e-0d.kb-button{width:initial;}<\/style><a class=\"kb-button kt-button button kb-btn1711_9bc25e-0d kt-btn-size-standard kt-btn-width-type-auto kb-btn-global-fill kt-btn-has-text-true kt-btn-has-svg-false wp-block-kadence-singlebtn\" href=\"https:\/\/savonock.fr\/index.php\/presentation-de-la-savonniere\/\"><span class=\"kt-btn-inner-text\">D\u00e9couvrir<\/span><\/a><\/div>\n<\/div><\/div>\n\n\n<style>.kadence-column1711_a2aa71-ec > .kt-inside-inner-col,.kadence-column1711_a2aa71-ec > .kt-inside-inner-col:before{border-top-left-radius:0px;border-top-right-radius:0px;border-bottom-right-radius:0px;border-bottom-left-radius:0px;}.kadence-column1711_a2aa71-ec > .kt-inside-inner-col:before{opacity:0.3;}.kadence-column1711_a2aa71-ec{text-align:left;}.kadence-column1711_a2aa71-ec{position:relative;}<\/style>\n<div class=\"wp-block-kadence-column kadence-column1711_a2aa71-ec kb-section-dir-vertical inner-column-2\"><div class=\"kt-inside-inner-col\"><style>.kb-image1711_d23257-99.kb-image-is-ratio-size, .kb-image1711_d23257-99 .kb-image-is-ratio-size{max-width:555px;width:100%;}.kb-image1711_d23257-99{max-width:555px;}.image-is-svg.kb-image1711_d23257-99{-webkit-flex:0 1 100%;flex:0 1 100%;}.image-is-svg.kb-image1711_d23257-99 img{width:100%;}.kb-image1711_d23257-99 .kb-image-has-overlay:after{opacity:0.3;}<\/style>\n<figure class=\"wp-block-kadence-image kb-image1711_d23257-99 size-large kb-image-is-ratio-size\"><div class=\"kb-is-ratio-image kb-image-ratio-land169\"><img loading=\"lazy\" decoding=\"async\" width=\"1024\" height=\"682\" src=\"https:\/\/savonock.fr\/wp-content\/uploads\/2023\/10\/lab-2815642_1280-1024x682.jpg\" alt=\"\" class=\"kb-img wp-image-1282\" srcset=\"https:\/\/savonock.fr\/wp-content\/uploads\/2023\/10\/lab-2815642_1280-1024x682.jpg 1024w, https:\/\/savonock.fr\/wp-content\/uploads\/2023\/10\/lab-2815642_1280-600x400.jpg 600w, https:\/\/savonock.fr\/wp-content\/uploads\/2023\/10\/lab-2815642_1280-300x200.jpg 300w, https:\/\/savonock.fr\/wp-content\/uploads\/2023\/10\/lab-2815642_1280-768x512.jpg 768w, https:\/\/savonock.fr\/wp-content\/uploads\/2023\/10\/lab-2815642_1280.jpg 1280w\" sizes=\"auto, (max-width: 1024px) 100vw, 1024px\" \/><\/div><\/figure>\n<\/div><\/div>\n\n<\/div><\/div>\n\n<style>.kb-row-layout-id1711_71e1c5-fd > .kt-row-column-wrap{align-content:start;}:where(.kb-row-layout-id1711_71e1c5-fd > .kt-row-column-wrap) > .wp-block-kadence-column{justify-content:start;}.kb-row-layout-id1711_71e1c5-fd > .kt-row-column-wrap{column-gap:var(--global-kb-gap-md, 2rem);row-gap:var(--global-kb-gap-md, 2rem);padding-top:var(--global-kb-spacing-sm, 1.5rem);padding-bottom:var(--global-kb-spacing-sm, 1.5rem);grid-template-columns:minmax(0, 1fr);}.kb-row-layout-id1711_71e1c5-fd > .kt-row-layout-overlay{opacity:0.30;}@media all and (max-width: 1024px){.kb-row-layout-id1711_71e1c5-fd > .kt-row-column-wrap{grid-template-columns:minmax(0, 1fr);}}@media all and (max-width: 767px){.kb-row-layout-id1711_71e1c5-fd > .kt-row-column-wrap{grid-template-columns:minmax(0, 1fr);}}<\/style><div class=\"kb-row-layout-wrap kb-row-layout-id1711_71e1c5-fd alignnone has-theme-palette2-background-color kt-row-has-bg wp-block-kadence-rowlayout\"><div class=\"kt-row-column-wrap kt-has-1-columns kt-row-layout-equal kt-tab-layout-inherit kt-mobile-layout-row kt-row-valign-top\">\n<style>.kadence-column1711_1676a8-3b > .kt-inside-inner-col,.kadence-column1711_1676a8-3b > .kt-inside-inner-col:before{border-top-left-radius:0px;border-top-right-radius:0px;border-bottom-right-radius:0px;border-bottom-left-radius:0px;}.kadence-column1711_1676a8-3b > .kt-inside-inner-col:before{opacity:0.3;}.kadence-column1711_1676a8-3b{position:relative;}<\/style>\n<div class=\"wp-block-kadence-column kadence-column1711_1676a8-3b\"><div class=\"kt-inside-inner-col\">\n<h2 class=\"wp-block-heading has-text-align-center has-theme-palette-9-color has-text-color has-medium-font-size\">\u00ab\u00a0Exercer un m\u00e9tier artisanal, manuel c\u2019est d\u2019\u00eatre capable de r\u00e9p\u00e9ter les m\u00eames gestes tous les jours sans perdre la passion de ce m\u00e9tier\u00a0\u00bb<\/h2>\n<\/div><\/div>\n\n<\/div><\/div>\n\n<style>.kb-row-layout-id1711_5661ee-ac > .kt-row-column-wrap{align-content:center;}:where(.kb-row-layout-id1711_5661ee-ac > .kt-row-column-wrap) > .wp-block-kadence-column{justify-content:center;}.kb-row-layout-id1711_5661ee-ac > .kt-row-column-wrap{column-gap:var(--global-kb-gap-lg, 4rem);row-gap:var(--global-kb-gap-md, 2rem);max-width:var( --global-content-width, 1475px );padding-left:var(--global-content-edge-padding);padding-right:var(--global-content-edge-padding);padding-top:var(--global-kb-spacing-xxl, 5rem);padding-bottom:var(--global-kb-spacing-md, 2rem);grid-template-columns:repeat(2, minmax(0, 1fr));}.kb-row-layout-id1711_5661ee-ac > .kt-row-layout-overlay{opacity:0.30;}@media all and (max-width: 1024px){.kb-row-layout-id1711_5661ee-ac > .kt-row-column-wrap{column-gap:var(--global-kb-gap-md, 2rem);padding-top:var(--global-kb-spacing-lg, 3rem);padding-right:var(--global-kb-spacing-lg, 3rem);padding-bottom:var(--global-kb-spacing-lg, 3rem);padding-left:var(--global-kb-spacing-lg, 3rem);grid-template-columns:minmax(0, 1fr);}}@media all and (max-width: 767px){.kb-row-layout-id1711_5661ee-ac > .kt-row-column-wrap{grid-template-columns:minmax(0, 1fr);}}<\/style><div class=\"kb-row-layout-wrap kb-row-layout-id1711_5661ee-ac alignfull has-theme-palette9-background-color kt-row-has-bg wp-block-kadence-rowlayout\"><div class=\"kt-row-column-wrap kt-has-2-columns kt-row-layout-equal kt-tab-layout-row kt-mobile-layout-row kt-row-valign-middle kb-theme-content-width\">\n<style>.kadence-column1711_f3a481-03 > .kt-inside-inner-col,.kadence-column1711_f3a481-03 > .kt-inside-inner-col:before{border-top-left-radius:0px;border-top-right-radius:0px;border-bottom-right-radius:0px;border-bottom-left-radius:0px;}.kadence-column1711_f3a481-03 > .kt-inside-inner-col{justify-content:center;flex-direction:column;display:flex;}.kadence-column1711_f3a481-03 > .kt-inside-inner-col > .aligncenter{width:100%;}.kt-row-column-wrap > .kadence-column1711_f3a481-03{align-self:center;}.kt-inner-column-height-full:not(.kt-has-1-columns) > .wp-block-kadence-column.kadence-column1711_f3a481-03{align-self:auto;}.kt-inner-column-height-full:not(.kt-has-1-columns) > .wp-block-kadence-column.kadence-column1711_f3a481-03 > .kt-inside-inner-col{display:flex;flex-direction:column;justify-content:center;}.kadence-column1711_f3a481-03 > .kt-inside-inner-col:before{opacity:0.3;}.kadence-column1711_f3a481-03{text-align:left;}.kadence-column1711_f3a481-03{position:relative;}<\/style>\n<div class=\"wp-block-kadence-column kadence-column1711_f3a481-03 kb-section-dir-vertical inner-column-1\"><div class=\"kt-inside-inner-col\">\n<h2 class=\"wp-block-heading has-text-align-center\">Pr\u00e9sentation de l&rsquo;Atelier<\/h2>\n\n\n\n<p class=\"has-text-align-center\">J\u2019ai install\u00e9 mon Laboratoire et ma Boutique \u00e0 Saint Amans Valtoret<\/p>\n\n\n<style>.wp-block-kadence-advancedbtn.kb-btns1711_f825c4-65{gap:var(--global-kb-gap-xs, 0.5rem );justify-content:center;align-items:center;}.kt-btns1711_f825c4-65 .kt-button{font-weight:normal;font-style:normal;}.kt-btns1711_f825c4-65 .kt-btn-wrap-0{margin-right:5px;}.wp-block-kadence-advancedbtn.kt-btns1711_f825c4-65 .kt-btn-wrap-0 .kt-button{color:#555555;border-color:#555555;}.wp-block-kadence-advancedbtn.kt-btns1711_f825c4-65 .kt-btn-wrap-0 .kt-button:hover, .wp-block-kadence-advancedbtn.kt-btns1711_f825c4-65 .kt-btn-wrap-0 .kt-button:focus{color:#ffffff;border-color:#444444;}.wp-block-kadence-advancedbtn.kt-btns1711_f825c4-65 .kt-btn-wrap-0 .kt-button::before{display:none;}.wp-block-kadence-advancedbtn.kt-btns1711_f825c4-65 .kt-btn-wrap-0 .kt-button:hover, .wp-block-kadence-advancedbtn.kt-btns1711_f825c4-65 .kt-btn-wrap-0 .kt-button:focus{background:#444444;}<\/style>\n<div class=\"wp-block-kadence-advancedbtn kb-buttons-wrap kb-btns1711_f825c4-65\"><style>ul.menu .wp-block-kadence-advancedbtn .kb-btn1711_68bcc4-97.kb-button{width:initial;}<\/style><a class=\"kb-button kt-button button kb-btn1711_68bcc4-97 kt-btn-size-standard kt-btn-width-type-auto kb-btn-global-fill kt-btn-has-text-true kt-btn-has-svg-false wp-block-kadence-singlebtn\" href=\"https:\/\/savonock.fr\/index.php\/le-laboratoire-la-boutique\/\"><span class=\"kt-btn-inner-text\">D\u00e9couvrir<\/span><\/a><\/div>\n<\/div><\/div>\n\n\n<style>.kadence-column1711_17a730-36 > .kt-inside-inner-col,.kadence-column1711_17a730-36 > .kt-inside-inner-col:before{border-top-left-radius:0px;border-top-right-radius:0px;border-bottom-right-radius:0px;border-bottom-left-radius:0px;}.kadence-column1711_17a730-36 > .kt-inside-inner-col:before{opacity:0.3;}.kadence-column1711_17a730-36{text-align:left;}.kadence-column1711_17a730-36{position:relative;}<\/style>\n<div class=\"wp-block-kadence-column kadence-column1711_17a730-36 kb-section-dir-vertical inner-column-2\"><div class=\"kt-inside-inner-col\"><style>.kb-image1711_91a17d-57.kb-image-is-ratio-size, .kb-image1711_91a17d-57 .kb-image-is-ratio-size{max-width:555px;width:100%;}.kb-image1711_91a17d-57{max-width:555px;}.image-is-svg.kb-image1711_91a17d-57{-webkit-flex:0 1 100%;flex:0 1 100%;}.image-is-svg.kb-image1711_91a17d-57 img{width:100%;}.kb-image1711_91a17d-57 .kb-image-has-overlay:after{opacity:0.3;}<\/style>\n<figure class=\"wp-block-kadence-image kb-image1711_91a17d-57 size-large kb-image-is-ratio-size\"><div class=\"kb-is-ratio-image kb-image-ratio-land169\"><img loading=\"lazy\" decoding=\"async\" width=\"904\" height=\"1024\" src=\"https:\/\/savonock.fr\/wp-content\/uploads\/2023\/10\/verriere-904x1024.jpg\" alt=\"\" class=\"kb-img wp-image-1715\" srcset=\"https:\/\/savonock.fr\/wp-content\/uploads\/2023\/10\/verriere-904x1024.jpg 904w, https:\/\/savonock.fr\/wp-content\/uploads\/2023\/10\/verriere-265x300.jpg 265w, https:\/\/savonock.fr\/wp-content\/uploads\/2023\/10\/verriere-768x870.jpg 768w, https:\/\/savonock.fr\/wp-content\/uploads\/2023\/10\/verriere.jpg 968w\" sizes=\"auto, (max-width: 904px) 100vw, 904px\" \/><\/div><\/figure>\n<\/div><\/div>\n\n<\/div><\/div>\n\n<style>.kb-row-layout-id1711_f1e9dc-7d > .kt-row-column-wrap{align-content:start;}:where(.kb-row-layout-id1711_f1e9dc-7d > .kt-row-column-wrap) > .wp-block-kadence-column{justify-content:start;}.kb-row-layout-id1711_f1e9dc-7d > .kt-row-column-wrap{column-gap:var(--global-kb-gap-md, 2rem);row-gap:var(--global-kb-gap-md, 2rem);max-width:var( --global-content-width, 1475px );padding-left:var(--global-content-edge-padding);padding-right:var(--global-content-edge-padding);padding-top:var(--global-kb-spacing-md, 2rem);padding-bottom:var(--global-kb-spacing-md, 2rem);grid-template-columns:minmax(0, 1fr);}.kb-row-layout-id1711_f1e9dc-7d > .kt-row-layout-overlay{opacity:0.30;}@media all and (max-width: 1024px){.kb-row-layout-id1711_f1e9dc-7d > .kt-row-column-wrap{grid-template-columns:minmax(0, 1fr);}}@media all and (max-width: 767px){.kb-row-layout-id1711_f1e9dc-7d > .kt-row-column-wrap{grid-template-columns:minmax(0, 1fr);}}<\/style><div class=\"kb-row-layout-wrap kb-row-layout-id1711_f1e9dc-7d alignfull has-theme-palette9-background-color kt-row-has-bg wp-block-kadence-rowlayout\"><div class=\"kt-row-column-wrap kt-has-1-columns kt-row-layout-equal kt-tab-layout-inherit kt-mobile-layout-row kt-row-valign-top kb-theme-content-width\">\n<style>.kadence-column1711_ca0c0c-01 > .kt-inside-inner-col,.kadence-column1711_ca0c0c-01 > .kt-inside-inner-col:before{border-top-left-radius:0px;border-top-right-radius:0px;border-bottom-right-radius:0px;border-bottom-left-radius:0px;}.kadence-column1711_ca0c0c-01 > .kt-inside-inner-col:before{opacity:0.3;}.kadence-column1711_ca0c0c-01{position:relative;}<\/style>\n<div class=\"wp-block-kadence-column kadence-column1711_ca0c0c-01\"><div class=\"kt-inside-inner-col\"><\/div><\/div>\n\n<\/div><\/div>","protected":false},"excerpt":{"rendered":"<p>Pr\u00e9sentation de la savonni\u00e8re Mon histoire, Mes Valeurs, Mon savoir-Faire \u00ab\u00a0Exercer un m\u00e9tier artisanal, manuel c\u2019est d\u2019\u00eatre capable de r\u00e9p\u00e9ter les m\u00eames gestes tous les jours sans perdre la passion de ce m\u00e9tier\u00a0\u00bb Pr\u00e9sentation de l&rsquo;Atelier J\u2019ai install\u00e9 mon Laboratoire et ma Boutique \u00e0 Saint Amans Valtoret<\/p>\n","protected":false},"author":1,"featured_media":0,"parent":0,"menu_order":0,"comment_status":"closed","ping_status":"closed","template":"","meta":{"_kad_post_transparent":"","_kad_post_title":"","_kad_post_layout":"","_kad_post_sidebar_id":"","_kad_post_content_style":"","_kad_post_vertical_padding":"","_kad_post_feature":"","_kad_post_feature_position":"","_kad_post_header":false,"_kad_post_footer":false,"footnotes":""},"class_list":["post-1711","page","type-page","status-publish","hentry"],"_links":{"self":[{"href":"https:\/\/savonock.fr\/index.php\/wp-json\/wp\/v2\/pages\/1711","targetHints":{"allow":["GET"]}}],"collection":[{"href":"https:\/\/savonock.fr\/index.php\/wp-json\/wp\/v2\/pages"}],"about":[{"href":"https:\/\/savonock.fr\/index.php\/wp-json\/wp\/v2\/types\/page"}],"author":[{"embeddable":true,"href":"https:\/\/savonock.fr\/index.php\/wp-json\/wp\/v2\/users\/1"}],"replies":[{"embeddable":true,"href":"https:\/\/savonock.fr\/index.php\/wp-json\/wp\/v2\/comments?post=1711"}],"version-history":[{"count":5,"href":"https:\/\/savonock.fr\/index.php\/wp-json\/wp\/v2\/pages\/1711\/revisions"}],"predecessor-version":[{"id":1722,"href":"https:\/\/savonock.fr\/index.php\/wp-json\/wp\/v2\/pages\/1711\/revisions\/1722"}],"wp:attachment":[{"href":"https:\/\/savonock.fr\/index.php\/wp-json\/wp\/v2\/media?parent=1711"}],"curies":[{"name":"wp","href":"https:\/\/api.w.org\/{rel}","templated":true}]}}